{"version":"1.0","provider_name":"Wendland Mobile","provider_url":"https:\/\/wendlandmobil.de\/en","title":"Radverkehr - Wendland Mobil","type":"rich","width":600,"height":338,"html":"<blockquote class=\"wp-embedded-content\" data-secret=\"ks8UxkNpLK\"><a href=\"https:\/\/wendlandmobil.de\/en\/mobilitaetsangebote\/radverkehr\/\">Cycling<\/a><\/blockquote><iframe sandbox=\"allow-scripts\" security=\"restricted\" src=\"https:\/\/wendlandmobil.de\/en\/mobilitaetsangebote\/radverkehr\/embed\/#?secret=ks8UxkNpLK\" width=\"600\" height=\"338\" title=\"&#8220;Radverkehr&#8221; &#8212; Wendland Mobil\" data-secret=\"ks8UxkNpLK\" frameborder=\"0\" marginwidth=\"0\" marginheight=\"0\" scrolling=\"no\" class=\"wp-embedded-content\"><\/iframe><script type=\"text\/javascript\">\n\/* <![CDATA[ *\/\n\/*! This file is auto-generated *\/\n!function(d,l){\"use strict\";l.querySelector&&d.addEventListener&&\"undefined\"!=typeof URL&&(d.wp=d.wp||{},d.wp.receiveEmbedMessage||(d.wp.receiveEmbedMessage=function(e){var t=e.data;if((t||t.secret||t.message||t.value)&&!\/[^a-zA-Z0-9]\/.test(t.secret)){for(var s,r,n,a=l.querySelectorAll('iframe[data-secret=\"'+t.secret+'\"]'),o=l.querySelectorAll('blockquote[data-secret=\"'+t.secret+'\"]'),c=new RegExp(\"^https?:$\",\"i\"),i=0;i<o.length;i++)o[i].style.display=\"none\";for(i=0;i<a.length;i++)s=a[i],e.source===s.contentWindow&&(s.removeAttribute(\"style\"),\"height\"===t.message?(1e3<(r=parseInt(t.value,10))?r=1e3:~~r<200&&(r=200),s.height=r):\"link\"===t.message&&(r=new URL(s.getAttribute(\"src\")),n=new URL(t.value),c.test(n.protocol))&&n.host===r.host&&l.activeElement===s&&(d.top.location.href=t.value))}},d.addEventListener(\"message\",d.wp.receiveEmbedMessage,!1),l.addEventListener(\"DOMContentLoaded\",function(){for(var e,t,s=l.querySelectorAll(\"iframe.wp-embedded-content\"),r=0;r<s.length;r++)(t=(e=s[r]).getAttribute(\"data-secret\"))||(t=Math.random().toString(36).substring(2,12),e.src+=\"#?secret=\"+t,e.setAttribute(\"data-secret\",t)),e.contentWindow.postMessage({message:\"ready\",secret:t},\"*\")},!1)))}(window,document);\n\/\/# sourceURL=https:\/\/wendlandmobil.de\/wp-includes\/js\/wp-embed.min.js\n\/* ]]> *\/\n<\/script>","thumbnail_url":"https:\/\/wendlandmobil.de\/wp-content\/uploads\/header-radverkehr.png","thumbnail_width":1920,"thumbnail_height":600,"description":"Der Radverkehr nimmt in L\u00fcchow-Dannenberg einen wichtigen Baustein der Mobilit\u00e4t ein und ist ein Schwerpunkt innerhalb des Kommunalen Mobilit\u00e4tsmanagements. Unser Radverkehrskoordinator k\u00fcmmert sich um die vielf\u00e4ltigen Themen rund um den Radverkehr und ist dabei mit den Samtgemeinden in engem Austausch. Mithilfe von F\u00f6rdermitteln werden verschiedene Projekte zur F\u00f6rderung des Radverkehrs und zur Verbesserung der Radinfrastruktur&hellip;"}

Der Radverkehr nimmt in Lüchow-Dannenberg einen wichtigen Baustein der Mobilität ein und ist ein Schwerpunkt innerhalb des Kommunalen Mobilitätsmanagements. Unser Radverkehrskoordinator kümmert sich um die vielfältigen Themen rund um den Radverkehr und ist dabei mit den Samtgemeinden in engem Austausch. Mithilfe von Fördermitteln werden verschiedene Projekte zur Förderung des Radverkehrs und zur Verbesserung der Radinfrastruktur&hellip;
