{"version":"1.0","provider_name":"Wendland Mobile","provider_url":"https:\/\/wendlandmobil.de\/en","title":"Europ\u00e4ische Mobilit\u00e4tswoche 2023 - Wendland Mobil","type":"rich","width":600,"height":338,"html":"<blockquote class=\"wp-embedded-content\" data-secret=\"2Rs42wEKG4\"><a href=\"https:\/\/wendlandmobil.de\/en\/europaeische-mobilitaetswoche-2023\/\">European Mobility Week 2023<\/a><\/blockquote><iframe sandbox=\"allow-scripts\" security=\"restricted\" src=\"https:\/\/wendlandmobil.de\/en\/europaeische-mobilitaetswoche-2023\/embed\/#?secret=2Rs42wEKG4\" width=\"600\" height=\"338\" title=\"&#8220;Europ\u00e4ische Mobilit\u00e4tswoche 2023&#8221; &#8212; Wendland Mobil\" data-secret=\"2Rs42wEKG4\" frameborder=\"0\" marginwidth=\"0\" marginheight=\"0\" scrolling=\"no\" class=\"wp-embedded-content\"><\/iframe><script type=\"text\/javascript\">\n\/* <![CDATA[ *\/\n\/*! This file is auto-generated *\/\n!function(d,l){\"use strict\";l.querySelector&&d.addEventListener&&\"undefined\"!=typeof URL&&(d.wp=d.wp||{},d.wp.receiveEmbedMessage||(d.wp.receiveEmbedMessage=function(e){var t=e.data;if((t||t.secret||t.message||t.value)&&!\/[^a-zA-Z0-9]\/.test(t.secret)){for(var s,r,n,a=l.querySelectorAll('iframe[data-secret=\"'+t.secret+'\"]'),o=l.querySelectorAll('blockquote[data-secret=\"'+t.secret+'\"]'),c=new RegExp(\"^https?:$\",\"i\"),i=0;i<o.length;i++)o[i].style.display=\"none\";for(i=0;i<a.length;i++)s=a[i],e.source===s.contentWindow&&(s.removeAttribute(\"style\"),\"height\"===t.message?(1e3<(r=parseInt(t.value,10))?r=1e3:~~r<200&&(r=200),s.height=r):\"link\"===t.message&&(r=new URL(s.getAttribute(\"src\")),n=new URL(t.value),c.test(n.protocol))&&n.host===r.host&&l.activeElement===s&&(d.top.location.href=t.value))}},d.addEventListener(\"message\",d.wp.receiveEmbedMessage,!1),l.addEventListener(\"DOMContentLoaded\",function(){for(var e,t,s=l.querySelectorAll(\"iframe.wp-embedded-content\"),r=0;r<s.length;r++)(t=(e=s[r]).getAttribute(\"data-secret\"))||(t=Math.random().toString(36).substring(2,12),e.src+=\"#?secret=\"+t,e.setAttribute(\"data-secret\",t)),e.contentWindow.postMessage({message:\"ready\",secret:t},\"*\")},!1)))}(window,document);\n\/\/# sourceURL=https:\/\/wendlandmobil.de\/wp-includes\/js\/wp-embed.min.js\n\/* ]]> *\/\n<\/script>","description":"Europ\u00e4ische Mobilit\u00e4tswoche 2023 Die EUROP\u00c4ISCHE MOBILIT\u00c4TSWOCHE ist eine Kampagne der Europ\u00e4ischen Kommission. Seit 2002 bietet sie Kommunen aus ganz Europa die perfekte M\u00f6glichkeit, ihren B\u00fcrgerinnen und B\u00fcrgern die komplette Bandbreite nachhaltiger Mobilit\u00e4t vor Ort n\u00e4her zu bringen. Jedes Jahr, immer vom 16. bis 22. September, werden im Rahmen der EUROP\u00c4ISCHEN MOBILIT\u00c4TSWOCHE innovative Verkehrsl\u00f6sungen ausprobiert oder&hellip;","thumbnail_url":"https:\/\/wendlandmobil.de\/wp-content\/uploads\/familie-groeger-frahm-1024x768.jpg"}

Europäische Mobilitätswoche 2023 - Wendland Mobil

<blockquote class="wp-embedded-content" data-secret="2Rs42wEKG4"><a href="https://wendlandmobil.de/en/europaeische-mobilitaetswoche-2023/">European Mobility Week 2023</a></blockquote><iframe sandbox="allow-scripts" security="restricted" src="https://wendlandmobil.de/en/europaeische-mobilitaetswoche-2023/embed/#?secret=2Rs42wEKG4" width="600" height="338" title="&#8220;Europäische Mobilitätswoche 2023&#8221; &#8212; Wendland Mobil" data-secret="2Rs42wEKG4" frameborder="0" marginwidth="0" marginheight="0" scrolling="no" class="wp-embedded-content"></iframe><script type="text/javascript">
/* <![CDATA[ */
/*! This file is auto-generated */
!function(d,l){"use strict";l.querySelector&&d.addEventListener&&"undefined"!=typeof URL&&(d.wp=d.wp||{},d.wp.receiveEmbedMessage||(d.wp.receiveEmbedMessage=function(e){var t=e.data;if((t||t.secret||t.message||t.value)&&!/[^a-zA-Z0-9]/.test(t.secret)){for(var s,r,n,a=l.querySelectorAll('iframe[data-secret="'+t.secret+'"]'),o=l.querySelectorAll('blockquote[data-secret="'+t.secret+'"]'),c=new RegExp("^https?:$","i"),i=0;i<o.length;i++)o[i].style.display="none";for(i=0;i<a.length;i++)s=a[i],e.source===s.contentWindow&&(s.removeAttribute("style"),"height"===t.message?(1e3<(r=parseInt(t.value,10))?r=1e3:~~r<200&&(r=200),s.height=r):"link"===t.message&&(r=new URL(s.getAttribute("src")),n=new URL(t.value),c.test(n.protocol))&&n.host===r.host&&l.activeElement===s&&(d.top.location.href=t.value))}},d.addEventListener("message",d.wp.receiveEmbedMessage,!1),l.addEventListener("DOMContentLoaded",function(){for(var e,t,s=l.querySelectorAll("iframe.wp-embedded-content"),r=0;r<s.length;r++)(t=(e=s[r]).getAttribute("data-secret"))||(t=Math.random().toString(36).substring(2,12),e.src+="#?secret="+t,e.setAttribute("data-secret",t)),e.contentWindow.postMessage({message:"ready",secret:t},"*")},!1)))}(window,document);
//# sourceURL=https://wendlandmobil.de/wp-includes/js/wp-embed.min.js
/* ]]> */
</script>

Europäische Mobilitätswoche 2023 Die EUROPÄISCHE MOBILITÄTSWOCHE ist eine Kampagne der Europäischen Kommission. Seit 2002 bietet sie Kommunen aus ganz Europa die perfekte Möglichkeit, ihren Bürgerinnen und Bürgern die komplette Bandbreite nachhaltiger Mobilität vor Ort näher zu bringen. Jedes Jahr, immer vom 16. bis 22. September, werden im Rahmen der EUROPÄISCHEN MOBILITÄTSWOCHE innovative Verkehrslösungen ausprobiert oder&hellip;
